inder when u is divided by z.
8
Calculate the remainder when 2 - (-15 - 0)*4 is divided by 9.
8
Let t(w) = -4*w - 1. Let f(k) be the first derivative of 4*k**2 - 5*k - 1. What is the remainder when f(4) is divided by t(-2)?
6
Suppose 10 = 2*r - 16. What is the remainder when 24 is divided by r?
11
Suppose 0 = 2*b - 3*d - 29, 0*d + 5 = -d. What is the remainder when 25 is divided by b?
4
Let j(y) = y**2 - 12*y + 20. What is the remainder when j(12) is divided by 12?
8
Let w be (-4)/4 + 36 - 2. Suppose w = t + i, 0 = 3*t + 2*t + 2*i - 159. Calculate the remainder when t is divided by 11.
9
Suppose 0 = 38*w - 39*w + 51. What is the remainder when w is divided by 6?
3
Let l(b) = b**2 - 10*b + 3. Let g(p) be the second derivative of -p**4/12 - 7*p**3/6 + 5*p**2/2 - p. What is the remainder when l(11) is divided by g(-7)?
4
Suppose -5*b = -3*o - 310 - 380, -4*b - 4*o + 584 = 0. Calculate the remainder when b is divided by 16.
13
Let l = 5 - -5. Suppose -q + 7 = -31. What is the remainder when q is divided by l?
8
Let n be -4 + 2 - -1*7. Suppose 0 = n*w - 4*l - 279, -80 = -3*w - 4*l + 113. What is the remainder when w is divided by 15?
14
Let k = -19 - -60. What is the remainder when k is divided by 16?
9
Suppose 2*j + 270 = 7*j. What is the remainder when j is divided by -4 + -4 + 4 + 23?
16
Let n(w) = w**2 + w - 23. Calculate the remainder when 26 is divided by n(5).
5
Let x(z) = -z**3 + 5*z**2 + 3*z - 2. Calculate the remainder when 50 is divided by x(5).
11
Suppose 2*f = 5 + 3. Suppose 2*q = 4*q + f. Calculate the remainder when 8/(-1)*3/q is divided by 7.
5
Let h(c) = 2*c**2 - 2*c + 3. Let p be h(3). Let f = p + -9. What is the remainder when 15 is divided by f?
3
Let x = 76 + -68. What is the remainder when 23 is divided by x?
7
Let b(u) = 4*u**2 + 11*u - 1. Let i be (-296)/4 - (0 - 0). What is the remainder when (i/3)/((-2)/3) is divided by b(-4)?
18
Let k = 69 - 119. Let f be k/(-18) + (-4)/(-18). Suppose 16 = f*p - 2*p. Calculate the remainder when 46 is divided by p.
14
Suppose -3*a - 5 = 2*a. Let l be (a + 0)/((-2)/78). Let y = -28 + l. Calculate the remainder when y is divided by 4.
3
Let t(d) = 18*d - 1. Let a be t(2). Suppose 29 + a = 2*w. Suppose -4*u + 5*u = -5*r + 56, 4*u = -3*r + 37. Calculate the remainder when w is divided by r.
10
Suppose 2*c + 5*f - 4 = 4*f, 2*f = -5*c + 11. Suppose 5*r - c = 12. Calculate the remainder when 11 is divided by r.
2
What is the remainder when 9/15 - 1944/(-10) is divided by 49?
48
Suppose -128*l + 132*l = 148. What is the remainder when l is divided by 20?
17
Suppose -4*h - 80 = -5*n, 17 = 4*n - 5*h - 56. Calculate the remainder when 58 is divided by n.
10
Let h(y) be the first derivative of -y**4/4 + 4*y**3 - y**2/2 + 16*y - 6. What is the remainder when 14 is divided by h(12)?
2
Suppose -28 = m - 5*m + 2*q, 25 = m + 4*q. Let g(h) = h**2 + 3*h - 2. What is the remainder when g(-6) is divided by m?
7
Let t(n) = 3*n + 2*n**2 - 8 + 8. What is the remainder when t(-3) is divided by 4?
1
Let m(p) = -p**3 - 4*p**2 + 3*p - 7. Let z be m(-5). Suppose -4*o - v + 17 = 0, -z*o - v - 4*v + 34 = 0. Calculate the remainder when 7 is divided by o.
1
Let i(b) = 2*b**3 - b**2 - 1. Suppose 7 = 5*u - 3. What is the remainder when 20 is divided by i(u)?
9
Let y = -2 + 4. Suppose 5*l = 2*l - 4*t + 8, 3*l - 10 = -2*t. What is the remainder when l is divided by y?
0
Calculate the remainder when (1 - (3 - 2)) + 23 is divided by 8.
7
Let v(r) = -12*r + 1. Let i be v(-2). Let c = -124 + i. Let u = -46 - c. What is the remainder when u is divided by 18?
17
Let k = 21 - 12. Let l(t) = -5*t**2 + 31. Let c(g) = g**2 - 6. Let h(j) = 11*c(j) + 2*l(j). Calculate the remainder when k is divided by h(-3).
4
Suppose -2 = -h + 2. Suppose -a - h*a = -70. What is the remainder when 27 is divided by a?
13
Suppose 3*u = g + 9, -3*g + u - 3 = -0*g. Suppose g = -2*j + 37 + 47. What is the remainder when j is divided by 22?
20
Suppose y + 3*y = 2*w + 8, -3*w + 3*y - 21 = 0. Let k = 21 + w. Suppose 8*f = 2*f + 36. What is the remainder when k is divided by f?
5
Let r be (-40)/(1/(-2)*2). What is the remainder when r/5 + -4 + 2 is divided by 2?
0
Let i(k) = k**2 + 1. Let w be i(3). Suppose 10 = -a - 4*l, -5*a + 2*l = 7*l - w. Let j = -24 - -40. Calculate the remainder when j is divided by a.
4
Suppose 32*p - 31 = 31*p. Calculate the remainder when 61 is divided by p.
30
Let l = 19 + 35. Calculate the remainder when l is divided by 14.
12
Let b = 13 - 11. Suppose 2*h - 17 = h + 4*c, 11 = h - b*c. Calculate the remainder when 19 is divided by h.
4
Suppose -3*b = 5*j - 17, -j - 2*b - 4 + 6 = 0. Let o(x) = -x**3 + 7*x**2 - 4*x - 2. Let w = -18 - -29. What is the remainder when o(j) is divided by w?
8
Let w(h) = h + 8. Calculate the remainder when 3 is divided by w(-6).
1
Let g be (-2)/(-5) + 18/30. Let o = 32 - g. Calculate the remainder when o is divided by 16.
15
Let v(s) = 2*s**2 - 4*s - 5. Suppose -5*q = 10 - 30. Calculate the remainder when v(4) is divided by ((-2)/q)/(4/(-48)).
5
Let d(l) be the first derivative of 34*l**3 - 3. Calculate the remainder when d(-1) is divided by 35.
32
Let k(z) = 17 - z**2 - 16 + 2*z**3 + z**3. What is the remainder when 61 is divided by k(2)?
19
Let l(f) = -f. Let h(o) = 3*o - 8. Let u(z) = -h(z) - 2*l(z). What is the remainder when 70 is divided by u(-4)?
10
Let x = 28 + -55. Let q = -59 - x. Let c = -13 - q. What is the remainder when 37 is divided by c?
18
Let y be (6 - -3)/(-3 - -4). Let b = y - -8. Calculate the remainder when b is divided by 6.
5
Let z be (-1)/(1/(-5) + 0). Suppose 0 = -y + t + 3, 3*t + 50 = 5*y + z*t. Calculate the remainder when 14 is divided by y.
6
Let d(x) = -4*x. Let t(r) = -r**3 + 7*r**2 - 4*r + 3. What is the remainder when t(6) is divided by d(-2)?
7
Suppose 41*j - 44*j + 63 = 0. What is the remainder when j is divided by 14?
7
Suppose 4*z = -3 + 71. What is the remainder when z is divided by 9?
8
Suppose -4*m + 93 = -7. What is the remainder when 99 is divided by m?
24
Suppose -4*c - 81 = -7*c. Let w be -1 - 3*1/(-3). Suppose w*n = n - 14. What is the remainder when c is divided by n?
13
Let t = -1 + 31. Let z = 5 + 5. Calculate the remainder when t is divided by (2 + z/(-6))*33.
8
Suppose -4*g = -7*g + 66. What is the remainder when g is divided by 13?
9
Suppose 0*k = -k - j, 0 = 5*k - j - 18. Let o(q) = -k + 4*q + 1 + 1. Calculate the remainder when o(8) is divided by 11.
9
Let g = 7 - 5. Suppose 0 = 4*k + 2*h - 60, -g*k = -3*h - 2 - 12. Calculate the remainder when 36 is divided by k.
10
Let y(u) = -u**2 - u - 5*u - 1 + 2 + 1. Calculate the remainder when 28 is divided by y(-4).
8
Suppose 2*s = 5*o + 26, -3*s + 6*s - 5 = -o. Let r = s + 7. What is the remainder when 27 is divided by r?
7
Suppose 5*g + a - 175 = 0, -3*g + 0*a - 4*a + 88 = 0. Suppose 3*x + 2*f = x + 26, 3*f - 59 = -5*x. Calculate the remainder when g is divided by x.
6
Calculate the remainder when (904/(-32) + 5)*(-4)/1 is divided by 19.
17
Let x be ((5 - 2) + -18)*-1. Let o be (-1)/(2 - 33/x). Suppose 4*g - o = -g. Calculate the remainder when g is divided by 1.
0
Let n(x) = -3*x**3 + 3*x**2 + 4 + 0*x**3 + x + 2*x**3. Let m be n(3). Suppose -r = -m - 10. Calculate the remainder when 50 is divided by r.
16
Suppose -3*o - 2*m + 50 = o, 5*m + 5 = 0. Suppose -5*x + 108 - 33 = 0. Let r = x - -9. Calculate the remainder when r is divided by o.
11
Let a(f) = -2*f - 1. Let p be 3 + -6 - (0 - 1). Let v be a(p). Suppose 0 = 2*n + n + k - 25, n - k - v = 0. What is the remainder when 26 is divided by n?
5
Suppose 2*z + 0*z = 0. Let n = z - -1. Let u = -13 + 14. Calculate the remainder when n is divided by u.
0
Let g(b) be the first derivative of 3*b**2 + 4. What is the remainder when 10 is divided by g(1)?
4
Let x(f) = f**3 - 7*f**2 - 13*f - 1. Suppose 0 = -2*g + 2*l + 32, -3*g + l - 74 = -8*g. Calculate the remainder when x(9) is divided by g.
14
Let h(c) = c + 5. Suppose -2*i - 15 - 1 = 0. Let q be h(i). Let v(f) = 4*f**2 - 3. What is the remainder when v(q) is divided by 17?
16
Let p(m) = -6*m + 14. What is the remainder when p(-6) is divided by 18?
14
Suppose -3*v - 5*w = -11, 26 = -2*v + 6*v + w. Let z(i) = -i**3 + 6*i**2 + 9*i - 2. Calculate the remainder when 34 is divided by z(v).
10
Suppose 2*b = -p + 17,